{"id":2,"date":"2010-08-16T12:54:57","date_gmt":"2010-08-16T15:54:57","guid":{"rendered":"http:\/\/tedxportoalegre.com.br\/2010\/?page_id=2"},"modified":"2010-10-09T21:45:24","modified_gmt":"2010-10-10T00:45:24","slug":"ted-tedx","status":"publish","type":"page","link":"https:\/\/tedxportoalegre.com.br\/2010\/ted-tedx\/","title":{"rendered":"TED e TEDx"},"content":{"rendered":"<p><img data-recalc-dims=\"1\" loading=\"lazy\" decoding=\"async\" data-attachment-id=\"481\" data-permalink=\"https:\/\/tedxportoalegre.com.br\/2010\/ted-tedx\/tedx\/\" data-orig-file=\"https:\/\/i0.wp.com\/tedxportoalegre.com.br\/2010\/wp-content\/uploads\/2010\/08\/tedx.jpg?fit=896%2C160&amp;ssl=1\" data-orig-size=\"896,160\" data-comments-opened=\"1\" data-image-meta=\"{&quot;aperture&quot;:&quot;0&quot;,&quot;credit&quot;:&quot;Felipe&quot;,&quot;camera&quot;:&quot;&quot;,&quot;caption&quot;:&quot;&quot;,&quot;created_timestamp&quot;:&quot;1284509715&quot;,&quot;copyright&quot;:&quot;&quot;,&quot;focal_length&quot;:&quot;0&quot;,&quot;iso&quot;:&quot;0&quot;,&quot;shutter_speed&quot;:&quot;0&quot;,&quot;title&quot;:&quot;&quot;}\" data-image-title=\"tedx\" data-image-description=\"\" data-image-caption=\"\" data-large-file=\"https:\/\/i0.wp.com\/tedxportoalegre.com.br\/2010\/wp-content\/uploads\/2010\/08\/tedx.jpg?fit=640%2C114&amp;ssl=1\" class=\"aligncenter size-full wp-image-481\" src=\"https:\/\/i0.wp.com\/tedxportoalegre.com.br\/2010\/wp-content\/uploads\/2010\/08\/tedx.jpg?resize=640%2C114\" alt=\"\" width=\"640\" height=\"114\" srcset=\"https:\/\/i0.wp.com\/tedxportoalegre.com.br\/2010\/wp-content\/uploads\/2010\/08\/tedx.jpg?w=896&amp;ssl=1 896w, https:\/\/i0.wp.com\/tedxportoalegre.com.br\/2010\/wp-content\/uploads\/2010\/08\/tedx.jpg?resize=300%2C53&amp;ssl=1 300w\" sizes=\"auto, (max-width: 640px) 100vw, 640px\" \/><\/p>\n<p><br clear=\"all\" \/><\/p>\n<p style=\"padding-top: 5px; padding-bottom: 5px; text-align: justify;\">\n<p><br clear=\"all\" \/><\/p>\n<p style=\"padding-top: 5px; padding-bottom: 5px; text-align: justify;\">\n<p style=\"padding-top: 25px;\"><span style=\"font-size: medium;\"><strong>Sobre o TED<\/strong><\/span><\/p>\n<p text-align: justify;\">TED \u00e9 uma organiza\u00e7\u00e3o sem fins lucrativos devotada a \u201cIdeias Que Merecem Ser Espalhadas\u201d. Come\u00e7ando como uma confer\u00eancia de quatro dias na Calif\u00f3rnia h\u00e1 25 anos, o TED tem crescido para apoiar estas ideias que mudam o mundo com iniciativas m\u00faltiplas. A Confer\u00eancia TED anual convida os maiores pensadores e ativistas do mundo para falarem por 18 minutos. Suas falas s\u00e3o disponibilizadas gratuitamente no site TED.com. Entre alguns dos palestrantes do TED est\u00e3o Bill Gates, Al Gore, Jane Goodall, Elizabeth Gilbert, Sir Richard Branson, Nandan Nilekani, Philippe Starck, Ngozi Okonjo-Iweala, Isabel Allende e o Primeiro Ministro Brit\u00e2nico Gordon Brown. A Confer\u00eancia TED anual acontece em Long Beach, Calif\u00f3rnia, com transmiss\u00e3o direta em Palm Springs; o TEDGlobal acontece a cada ano em Oxford, Reino Unido. As iniciativas de m\u00eddia do TED incluem o TED.com, onde novos TEDTalks s\u00e3o colocados no ar diariamente, e o Open Project, que oferece legendas e transcri\u00e7\u00f5es interativas, tal como a possibilidade de qualquer TEDTalk ser traduzido por volunt\u00e1rios do mundo inteiro. O TED tamb\u00e9m criou o TEDPrize anual, onde pessoas com um desejo de mudar o mundo tem a oportunidade de colocarem seus sonhos em a\u00e7\u00e3o; o TEDx, que oferece a pessoas ou grupos uma forma de sediar eventos locais e auto-organizados atrav\u00e9s do mundo, e o programa TEDFellows, ajudando inovadores que transformam o mundo a se tornarem parte da comunidade TED e, com a ajuda de tal comunidade, ampliar o impacto de seus not\u00e1veis projetos e atividades.<\/p>\n<p style=\"padding-top: 25px;\"><span style=\"font-size: medium;\"><strong>Sobre o TEDx<\/strong><\/span><\/p>\n<p text-align: justify;\">No esp\u00edrito das <strong>ideias que merecem ser espalhadas<\/strong>, o <strong>TED <\/strong>criou o programa chamado <strong>TEDx<\/strong>. O <strong>TEDx <\/strong>\u00e9 um programa de eventos locais, e organizados de forma independente, que re\u00fane pessoas para dividir uma experi\u00eancia ao estilo TED. O TEDxPortoAlegre \u00e9 uma confer\u00eancia sem fins lucrativos que reunir\u00e1 mais de 25 pensadores de \u00e1reas de conhecimento t\u00e3o diversas quanto arte e tecnologia, ci\u00eancia e neg\u00f3cios, para falar sobre suas melhores ideias em palestras com dura\u00e7\u00e3o de 6 a 18 minutos. Esta primeira edi\u00e7\u00e3o do evento ocorrer\u00e1 em Porto Alegre, no Rio Grande do Sul, e <strong>\u201cPaix\u00e3o que Inspira\u201d<\/strong> ser\u00e1 o nosso tema.<\/p>\n<p style=\"padding-top: 25px;\"><i>Siga o TED no Twitter em <a href=\"http:\/\/www.twitter.com\/TEDTalks\" target=\"_blank\">twitter.com\/TEDTalks<\/a> ou no Facebook em <a href=\"http:\/\/www.facebook.com\/TED\" target=\"_blank\">facebook.com\/TED<\/a>.<\/i><\/p>\n<p><\/p>\n<p><i>O TED2011, \u201cA Redescoberta da Maravilha\u201d, acontecer\u00e1 de 28 de Fevereiro a 4 de Mar\u00e7o de 2011 em Long Beach, Calif\u00f3rnia, com a transmiss\u00e3o ao vivo TEDActive em Palm Springs, Calif\u00f3rnia.<\/i><\/p>\n","protected":false},"excerpt":{"rendered":"<p>Sobre o TED No esp\u00edrito das ideias que merecem ser espalhadas, o TED criou o programa chamado TEDx. O TEDx \u00e9 um programa de eventos locais, e organizados de forma independente, que re\u00fane pessoas para dividir uma experi\u00eancia ao estilo TED. O TEDxPortoAlegre \u00e9 uma confer\u00eancia sem fins lucrativos que reunir\u00e1 mais de 25 pensadores de \u00e1reas de conhecimento t\u00e3o diversas quanto arte e tecnologia, ci\u00eancia e neg\u00f3cios, para falar sobre suas melhores ideias em palestras com dura\u00e7\u00e3o de 6 a 18 minutos. Esta primeira edi\u00e7\u00e3o do evento ocorrer\u00e1 em [&hellip;]<\/p>\n","protected":false},"author":1,"featured_media":0,"parent":0,"menu_order":1,"comment_status":"closed","ping_status":"closed","template":"onecolumn-page.php","meta":{"advanced_seo_description":"","jetpack_seo_html_title":"","jetpack_seo_noindex":false,"jetpack_post_was_ever_published":false,"footnotes":""},"class_list":["post-2","page","type-page","status-publish","hentry"],"jetpack_sharing_enabled":true,"jetpack_shortlink":"https:\/\/wp.me\/P2Pi7i-2","jetpack_likes_enabled":true,"jetpack-related-posts":[],"_links":{"self":[{"href":"https:\/\/tedxportoalegre.com.br\/2010\/wp-json\/wp\/v2\/pages\/2","targetHints":{"allow":["GET"]}}],"collection":[{"href":"https:\/\/tedxportoalegre.com.br\/2010\/wp-json\/wp\/v2\/pages"}],"about":[{"href":"https:\/\/tedxportoalegre.com.br\/2010\/wp-json\/wp\/v2\/types\/page"}],"author":[{"embeddable":true,"href":"https:\/\/tedxportoalegre.com.br\/2010\/wp-json\/wp\/v2\/users\/1"}],"replies":[{"embeddable":true,"href":"https:\/\/tedxportoalegre.com.br\/2010\/wp-json\/wp\/v2\/comments?post=2"}],"version-history":[{"count":54,"href":"https:\/\/tedxportoalegre.com.br\/2010\/wp-json\/wp\/v2\/pages\/2\/revisions"}],"predecessor-version":[{"id":5,"href":"https:\/\/tedxportoalegre.com.br\/2010\/wp-json\/wp\/v2\/pages\/2\/revisions\/5"}],"wp:attachment":[{"href":"https:\/\/tedxportoalegre.com.br\/2010\/wp-json\/wp\/v2\/media?parent=2"}],"curies":[{"name":"wp","href":"https:\/\/api.w.org\/{rel}","templated":true}]}}

<p><img data-recalc-dims="1" loading="lazy" decoding="async" data-attachment-id="481" data-permalink="https://tedxportoalegre.com.br/2010/ted-tedx/tedx/" data-orig-file="https://i0.wp.com/tedxportoalegre.com.br/2010/wp-content/uploads/2010/08/tedx.jpg?fit=896%2C160&amp;ssl=1" data-orig-size="896,160" data-comments-opened="1" data-image-meta="{&quot;aperture&quot;:&quot;0&quot;,&quot;credit&quot;:&quot;Felipe&quot;,&quot;camera&quot;:&quot;&quot;,&quot;caption&quot;:&quot;&quot;,&quot;created_timestamp&quot;:&quot;1284509715&quot;,&quot;copyright&quot;:&quot;&quot;,&quot;focal_length&quot;:&quot;0&quot;,&quot;iso&quot;:&quot;0&quot;,&quot;shutter_speed&quot;:&quot;0&quot;,&quot;title&quot;:&quot;&quot;}" data-image-title="tedx" data-image-description="" data-image-caption="" data-large-file="https://i0.wp.com/tedxportoalegre.com.br/2010/wp-content/uploads/2010/08/tedx.jpg?fit=640%2C114&amp;ssl=1" class="aligncenter size-full wp-image-481" src="https://i0.wp.com/tedxportoalegre.com.br/2010/wp-content/uploads/2010/08/tedx.jpg?resize=640%2C114" alt="" width="640" height="114" srcset="https://i0.wp.com/tedxportoalegre.com.br/2010/wp-content/uploads/2010/08/tedx.jpg?w=896&amp;ssl=1 896w, https://i0.wp.com/tedxportoalegre.com.br/2010/wp-content/uploads/2010/08/tedx.jpg?resize=300%2C53&amp;ssl=1 300w" sizes="auto, (max-width: 640px) 100vw, 640px" /></p>
<p><br clear="all" /></p>
<p style="padding-top: 5px; padding-bottom: 5px; text-align: justify;">
<p><br clear="all" /></p>
<p style="padding-top: 5px; padding-bottom: 5px; text-align: justify;">
<p style="padding-top: 25px;"><span style="font-size: medium;"><strong>Sobre o TED</strong></span></p>
<p text-align: justify;">TED é uma organização sem fins lucrativos devotada a “Ideias Que Merecem Ser Espalhadas”. Começando como uma conferência de quatro dias na Califórnia há 25 anos, o TED tem crescido para apoiar estas ideias que mudam o mundo com iniciativas múltiplas. A Conferência TED anual convida os maiores pensadores e ativistas do mundo para falarem por 18 minutos. Suas falas são disponibilizadas gratuitamente no site TED.com. Entre alguns dos palestrantes do TED estão Bill Gates, Al Gore, Jane Goodall, Elizabeth Gilbert, Sir Richard Branson, Nandan Nilekani, Philippe Starck, Ngozi Okonjo-Iweala, Isabel Allende e o Primeiro Ministro Britânico Gordon Brown. A Conferência TED anual acontece em Long Beach, Califórnia, com transmissão direta em Palm Springs; o TEDGlobal acontece a cada ano em Oxford, Reino Unido. As iniciativas de mídia do TED incluem o TED.com, onde novos TEDTalks são colocados no ar diariamente, e o Open Project, que oferece legendas e transcrições interativas, tal como a possibilidade de qualquer TEDTalk ser traduzido por voluntários do mundo inteiro. O TED também criou o TEDPrize anual, onde pessoas com um desejo de mudar o mundo tem a oportunidade de colocarem seus sonhos em ação; o TEDx, que oferece a pessoas ou grupos uma forma de sediar eventos locais e auto-organizados através do mundo, e o programa TEDFellows, ajudando inovadores que transformam o mundo a se tornarem parte da comunidade TED e, com a ajuda de tal comunidade, ampliar o impacto de seus notáveis projetos e atividades.</p>
<p style="padding-top: 25px;"><span style="font-size: medium;"><strong>Sobre o TEDx</strong></span></p>
<p text-align: justify;">No espírito das <strong>ideias que merecem ser espalhadas</strong>, o <strong>TED </strong>criou o programa chamado <strong>TEDx</strong>. O <strong>TEDx </strong>é um programa de eventos locais, e organizados de forma independente, que reúne pessoas para dividir uma experiência ao estilo TED. O TEDxPortoAlegre é uma conferência sem fins lucrativos que reunirá mais de 25 pensadores de áreas de conhecimento tão diversas quanto arte e tecnologia, ciência e negócios, para falar sobre suas melhores ideias em palestras com duração de 6 a 18 minutos. Esta primeira edição do evento ocorrerá em Porto Alegre, no Rio Grande do Sul, e <strong>“Paixão que Inspira”</strong> será o nosso tema.</p>
<p style="padding-top: 25px;"><i>Siga o TED no Twitter em <a href="http://www.twitter.com/TEDTalks" target="_blank">twitter.com/TEDTalks</a> ou no Facebook em <a href="http://www.facebook.com/TED" target="_blank">facebook.com/TED</a>.</i></p>
<p></p>
<p><i>O TED2011, “A Redescoberta da Maravilha”, acontecerá de 28 de Fevereiro a 4 de Março de 2011 em Long Beach, Califórnia, com a transmissão ao vivo TEDActive em Palm Springs, Califórnia.</i></p>

<p>Sobre o TED No espírito das ideias que merecem ser espalhadas, o TED criou o programa chamado TEDx. O TEDx é um programa de eventos locais, e organizados de forma independente, que reúne pessoas para dividir uma experiência ao estilo TED. O TEDxPortoAlegre é uma conferência sem fins lucrativos que reunirá mais de 25 pensadores de áreas de conhecimento tão diversas quanto arte e tecnologia, ciência e negócios, para falar sobre suas melhores ideias em palestras com duração de 6 a 18 minutos. Esta primeira edição do evento ocorrerá em [&hellip;]</p>
